171
List the prime factors of 352685.
5, 70537
What are the prime factors of 1354950?
2, 3, 5, 3011
What are the prime factors of 2067161?
541, 3821
List the prime factors of 3920409.
3, 37, 61, 193
List the prime factors of 7686679.
7, 11, 13, 1097
List the prime factors of 78781.
78781
What are the prime factors of 8450963?
8450963
What are the prime factors of 359146?
2, 179573
What are the prime factors of 152729?
152729
What are the prime factors of 83715?
3, 5, 5581
What are the prime factors of 10168614?
2, 3, 564923
What are the prime factors of 149922?
2, 3, 8329
List the prime factors of 204180.
2, 3, 5, 41, 83
What are the prime factors of 6178855?
5, 47, 26293
List the prime factors of 1435903.
7, 205129
What are the prime factors of 1724829?
3, 37, 41, 379
What are the prime factors of 16701376?
2, 260959
List the prime factors of 415708.
2, 103, 1009
List the prime factors of 6859339.
31, 409, 541
List the prime factors of 5504514.
2, 3, 173, 5303
List the prime factors of 4079499.
3, 1359833
List the prime factors of 5475906.
2, 3, 304217
List the prime factors of 3624684.
2, 3, 7, 43151
What are the prime factors of 6093?
3, 677
List the prime factors of 215761.
7, 13, 2371
List the prime factors of 1980200.
2, 5, 9901
List the prime factors of 4316380.
2, 5, 107, 2017
List the prime factors of 3403566.
2, 3, 63029
List the prime factors of 4182697.
17, 41, 353
What are the prime factors of 1593231?
3, 29, 18313
List the prime factors of 693992.
2, 13, 6673
What are the prime factors of 21085404?
2, 3, 229, 7673
List the prime factors of 3102034.
2, 13, 229, 521
What are the prime factors of 34787142?
2, 3, 13, 148663
What are the prime factors of 529418?
2, 31, 8539
List the prime factors of 470220.
2, 3, 5, 17, 461
List the prime factors of 956107.
956107
What are the prime factors of 673694?
2, 7, 48121
List the prime factors of 11984430.
2, 3, 5, 399481
List the prime factors of 203707.
7, 29101
What are the prime factors of 199044?
2, 3, 19, 97
What are the prime factors of 136276?
2, 7, 31, 157
What are the prime factors of 282443?
7, 157, 257
What are the prime factors of 1661981?
929, 1789
What are the prime factors of 31816627?
31816627
List the prime factors of 117210.
2, 3, 5, 3907
What are the prime factors of 1988603?
23, 86461
What are the prime factors of 283207?
283207
List the prime factors of 22011810.
2, 3, 5, 751, 977
What are the prime factors of 118018?
2, 59009
What are the prime factors of 5993036?
2, 7, 193, 1109
List the prime factors of 10474.
2, 5237
What are the prime factors of 5606106?
2, 3, 11, 29, 101
What are the prime factors of 1044478?
2, 522239
List the prime factors of 1065983.
641, 1663
What are the prime factors of 2782668?
2, 3, 7, 157, 211
List the prime factors of 9541.
7, 29, 47
List the prime factors of 698597.
37, 79, 239
What are the prime factors of 27268282?
2, 31, 439811
What are the prime factors of 38993170?
2, 5, 919, 4243
List the prime factors of 269238.
2, 3, 23, 1951
What are the prime factors of 1429987?
13, 317, 347
List the prime factors of 1296919.
13, 67, 1489
What are the prime factors of 1355997?
3, 47, 59, 163
List the prime factors of 3270248.
2, 337, 1213
What are the prime factors of 545341?
41, 47, 283
What are the prime factors of 2883952?
2, 180247
What are the prime factors of 811758?
2, 3, 193, 701
List the prime factors of 2879090.
2, 5, 127, 2267
What are the prime factors of 16666352?
2, 23, 45289
List the prime factors of 816820.
2, 5, 40841
What are the prime factors of 5196028?
2, 1299007
List the prime factors of 642630.
2, 3, 5, 31, 691
List the prime factors of 906426.
2, 3, 37, 1361
What are the prime factors of 10165783?
1163, 8741
List the prime factors of 28972851.
3, 181, 229, 233
What are the prime factors of 141730?
2, 5, 14173
What are the prime factors of 20925534?
2, 3, 7, 498227
What are the prime factors of 8559512?
2, 13, 487
List the prime factors of 6337982.
2, 7, 19, 23827
What are the prime factors of 4243235?
5, 848647
List the prime factors of 302246.
2, 7, 21589
List the prime factors of 1150367.
37, 31091
What are the prime factors of 22963077?
3, 19, 134287
List the prime factors of 5051895.
3, 5, 336793
What are the prime factors of 1281141?
3, 283, 503
What are the prime factors of 1371989?
1371989
List the prime factors of 15232241.
15232241
List the prime factors of 11717202.
2, 3, 7, 278981
List the prime factors of 10251315.
3, 5, 157, 1451
List the prime factors of 226940.
2, 5, 7, 1621
List the prime factors of 196812.
2, 3, 7, 11, 71
List the prime factors of 593756.
2, 148439
What are the prime factors of 245660?
2, 5, 71, 173
List the prime factors of 883354.
2, 17, 25981
List the prime factors of 129156.
2, 3, 47, 229
What are the prime factors of 2446290?
2, 3, 5, 7, 11, 353
List the prime factors of 453149.
263, 1723
List the prime factors of 25433747.
4091, 6217
What are the prime factors of 110436?
2, 3, 9203
List the prime factors of 112013.
11, 17, 599
List the prime factors of 9631702.
2, 349, 13799
What are the prime factors of 82091?
103, 797
List the prime factors of 29996.
2, 7499
What are the prime factors of 17449339?
83, 210233
List the prime factors of 2568682.
2, 1284341
What are the prime factors of 1041794?
2, 13, 17, 2357
What are the prime factors of 109496?
2, 13687
What are the prime factors of 34838?
2, 17419
List the prime factors of 1746970.
2, 5, 97, 1801
List the prime factors of 169930.
2, 5, 16993
List the prime factors of 17039689.
617, 27617
What are the prime factors of 348387?
3, 13, 8933
What are the prime factors of 689017?
7, 257, 383
List the prime factors of 5189458.
2, 47, 55207
What are the prime factors of 236461?
236461
List the prime factors of 3035061.
3, 17, 83, 239
What are the prime factors of 1598580?
2, 3, 5, 83, 107
List the prime factors of 22599.
3, 31
What are the prime factors of 6601666?
2, 139, 23747
List the prime factors of 18755.
5, 11, 31
What are the prime factors of 10775580?
2, 3, 5, 179593
List the prime factors of 151073.
13, 11621
What are the prime factors of 1645665?
3, 5, 7, 2239
What are the prime factors of 1800061?
107, 16823
What are the prime factors of 30697644?
2, 3, 2558137
List the prime factors of 7791712.
2, 17, 14323
What are the prime factors of 7266295?
5, 313, 4643
What are the prime factors of 2628164?
2, 7, 11, 23, 53
List the prime factors of 95012.
2, 23753
What are the prime factors of 27142213?
7, 863, 4493
List the prime factors of 10726661.
11, 975151
List the prime factors of 1774403.
1774403
What are the prime factors of 758703?
3, 11, 83, 277
What are the prime factors of 690959?
31, 719
List the prime factors of 56966.
2, 7, 13, 313
List the prime factors of 179380.
2, 5, 8969
What are the prime factors of 1028560?
2, 5, 13, 23, 43
List the prime factors of 72270.
2, 3, 5, 11, 73
What are the prime factors of 3399154?
2, 11, 367, 421
What are the prime factors of 2269209?
3, 756403
What are the prime factors of 289235?
5, 57847
List the prime factors of 16285805.
5, 3257161
What are the prime factors of 795648?
2, 3, 7, 37
What are the prime factors of 1166806?
2, 583403
What are the prime factors of 1374313?
1374313
What are the prime factors of 43930828?
2, 23, 67, 7127
What are the prime factors of 1326501?
3, 11, 13399
List the prime factors of 11584461.
3, 7, 131, 4211
What are the prime factors of 139112?
2, 17389
List the prime factors of 532739.
532739
List the prime factors of 816304.
2, 163, 313
List the prime factors of 824128.
2, 79, 163
What are the prime factors of 1460521?
17, 53, 1621
What are the prime factors of 5502472?
2, 687809
What are the prime factors of 3517558?
2, 11, 281, 569
What are the prime factors of 26087009?
13, 163, 947
What are the prime factors of 4276907?
83, 227
What are the prime factors of 368233?
368233
What are the prime factors of 9644013?
3, 37, 28961
What are the prime factors of 32826536?
2, 211, 19447
What are the prime factors of 11848194?
2, 3, 24379
List the prime factors of 191517.
3, 63839
What are the prime factors of 10775799?
3, 23, 52057
List the prime factors of 2135086.
2, 197, 5419
What are the prime factors of 1580572?
2, 7, 19, 2971
List the prime facto